 - 22*i**2 + 3*i - 3. Let b(c) = -c**3 + 10*c**2 - c + 2. Let s(t) = 2*b(t) + x(t). Calculate s(-1).
2
Let i(t) = 7*t**3 + 2*t**2 + 2*t + 1. Suppose 23 = -3*q + 20. Let l be q*(-15 - -17)*(-1)/(-2). Give i(l).
-6
Let n(j) = 5*j + 5. Let f(z) = z - 1. Let d(w) = 6*f(w) - n(w). Let k be (1 + -1)*2/15*(-120)/(-16). What is d(k)?
-11
Suppose -29 = -9*k - 2. Suppose r - 36 = -3*r. Let v(c) = -r + 6 + 2*c + 4*c - 5*c. Calculate v(k).
0
Let t(z) = 2*z**2 - 11 - 9*z**2 - z - z**3 + 6*z. Suppose 54 = -2*g - 256. Let l = 147 + g. Calculate t(l).
13
Let q(o) = o**2 + 32*o - 184. Let t = -12326 - -12289. Determine q(t).
1
Let r(l) = -8*l - 5. Let d(a) = a + 1. Let j(q) = -3*d(q) - r(q). Let h be (1 - 3) + (4 - -1). Suppose -h*n - 2 = -2*i + 4, -2*i = 2*n + 4. Determine j(n).
-8
Let i(v) = -11*v**2 - 10387 + 5*v**3 - 4*v**3 + 10382 + 15*v. What is i(10)?
45
Let q(i) = -i**3 - 7*i**2 - 7*i + 2. Let d(b) = -5*b**3 + b**2 - b. Let n(y) = 5*y + 31. Let a = 27 - 33. Let v be n(a). Let t be d(v). What is q(t)?
-13
Let o(a) = -a**3 - 6*a**2 - 6*a + 6. Let s(k) = 5*k**3 + 1 + 11*k + 10*k - 29*k + 4*k + 3*k - 2*k**2. Let y be s(-1). Calculate o(y).
11
Let i be ((-6)/(-4))/(1/((-2796)/9)). Let b = 465 + i. Let k(m) = -m**2. Determine k(b).
-1
Let z be (-1)/(-2) - (-38)/4. Let i(p) = p**3 - 15 + 7 - 3*p**2 + z*p**2 - p. Suppose -3*q + 858*c - 855*c = 9, q + 23 = -4*c. Determine i(q).
-1
Let n = -230 - -225. Let l(o) = -41*o - 2. Let q(x) = 27*x + 1. Let t(c) = n*l(c) - 8*q(c). Give t(2).
-20
Let r = 17472 - 17471. Let j(s) = -14*s + 8. Calculate j(r).
-6
Let y(o) = 2*o**3 + 11*o**2 + 2*o + 2. Suppose 4 = -2*p + b, -1032*p + 1036*p + 5*b = -64. What is y(p)?
-46
Let q(n) = n - 11. Suppose -23*v - 48 = -31*v. Let b(t) = t - 12. Let a(r) = v*b(r) - 7*q(r). Give a(5).
0
Let j(m) = 2 + 8 - m + 3 - 11. Suppose -18 = -r + 4*l, -4*r - 5*l + 9 = -0*r. Let v be 3/9 - (-28)/r. Give j(v).
-3
Suppose -2 - 18 = 4*a. Let r be a/(-10)*(-1 + 1). Let o(k) be the third derivative of k**5/60 - 3*k**3/2 + 99*k**2. Calculate o(r).
-9
Suppose 4 = -4*p, -29 = 3*q + q + 5*p. Let d(r) = r**2 + 16*r - 17. Let m be d(-17). Let g(o) = -11*o - 5 + 9*o + m*o. What is g(q)?
7
Let g(y) = 2*y**2 + 417 + 423 - 3*y**2 - 841 + 20*y**3 - 2*y. Calculate g(-1).
-20
Let i = 5 - 7. Let c(h) = h**2 + 9*h - 54. Let x be c(5). Let s(q) = -x - 7 + 23 + q**2. Give s(i).
4
Suppose -5*z = -5, 2 + 5 = w - 5*z. Suppose 7*o - 30 = w. Let a(y) = -y + 7. Give a(o).
1
Let x = 588 + -131. Suppose x*q = 461*q + 24. Let o(n) = n**3 + 6*n**2 - n - 7. Determine o(q).
-1
Let w be 40/6*((-35)/(-10) + -2). Suppose 0*p = 3*p + v, 5*p + w = -5*v. Let n be p/4*(2 + 2). Let g(b) = 2*b**2 + b - 1. Give g(n).
2
Let f(o) = -o**3 - 5*o**2 - 6. Let m(y) = -5*y - 119. Let g be m(-27). Let n be (-35)/(-15)*-3 - g/(-8). Calculate f(n).
-6
Let j = -73 + 75. Suppose -3*g - j = -g, -b - 2 = -g. Let o(q) = 3*q - 1. Let m(a) = 9*a - 4. Let l(i) = -2*m(i) + 7*o(i). What is l(b)?
-8
Let r(l) = -l**2 - l + 1. Let j(u) = 6*u**2 + 20*u - 13. Let c(d) = j(d) + 5*r(d). Suppose 1362*n = 1494*n + 2112. Determine c(n).
8
Let q(s) = -25*s - 56. Let t be 102/(-6) + 0 - -14. Give q(t).
19
Let f = -12278 + 12286. Let k(d) = d**3 - 11*d**2 + 25*d - 2. What is k(f)?
6
Let h(x) = -10*x**3 - 2*x**2 + 1. Let j be h(-1). Let l = 353 + -343. Let s(w) = -27 + 8 - 8*w + l*w**2 - w**3 + 1 + 8. What is s(j)?
-1
Let i = -7974 + 95689/12. Let p(g) be the second derivative of 22*g - i*g**4 + 0 + 1/2*g**3 + 3/2*g**2. Give p(6).
-15
Let h(q) = -q + 2. Let i be 744/104 - (-4)/(-26). Let w = 5 - -2. Let v be 44/i - 2/w. Determine h(v).
-4
Let y(i) = i**3 - 10*i**2 + 4*i + 44. Let p be y(9). Let r be p/7*-52 - (-18)/(-42). Let z(w) = w + 2. Give z(r).
9
Let j(q) = -7*q - 16. Let y(l) = -17*l - 33. Let t(u) = 9*j(u) - 4*y(u). Let z(k) = 5*k - 10. Let p(m) = 5*t(m) - 6*z(m). Give p(-1).
5
Let b(y) = -6*y - 26*y**2 - 8 - y**3 - 41*y**2 + 83*y**2 - 22*y**2. What is b(-4)?
-16
Suppose 680 + 680 = -222*f + 290*f. Let x(o) = -3*o**2 + 58*o + 34. Calculate x(f).
-6
Let y(m) = -10*m**2 + 27*m - 9. Let v(w) = -41*w**2 + 107*w - 47. Let n(c) = -2*v(c) + 9*y(c). What is n(4)?
1
Let z(y) be the third derivative of -1/3*y**3 + 1/12*y**4 - 1/60*y**5 + 1/20*y**6 + 53 + 0*y - 2*y**2. What is z(1)?
5
Let h(q) be the first derivative of q**4/4 + 5*q**3/3 + 2*q**2 - 8*q - 1450. Calculate h(-3).
-2
Let w(z) = z**2 - 22*z - 2. Suppose -80142*m + 304 = -80126*m. Give w(m).
-59
Let d(f) = -3*f**3 - f**2 - 76*f - 223. Let t(o) = 4*o**3 + 78*o + 223. Let a(h) = -3*d(h) - 2*t(h). What is a(-3)?
7
Let s(h) = h**2 + h - 7. Let v(w) = -w**3 + 6*w**2 - 5*w + 4. Let a be v(6). Let m = a + 115. Let r = m + -89. Calculate s(r).
-7
Let h(y) be the first derivative of 124 + 6*y**2 + 15*y + 2*y**2 + 15*y - 7*y**2 - 29*y. Calculate h(10).
21
Let f(p) = 6*p - 63. Let n(q) = q**2 - 637*q + 16. Let l be n(0). Calculate f(l).
33
Let w = 6 - 3. Let g(l) = -7*l**3 - 4*l**2 + 0*l**3 + 3*l**3 + w*l**3 - 4*l + 2. Let x be (4/3)/((-3)/9). Give g(x).
18
Let p(g) be the second derivative of -8*g**3/3 + 23*g**2/2 - 23*g - 42. Determine p(5).
-57
Let m(r) = 2*r**3 + 2*r**2 + r. Let z be m(-1). Let g be ((-6)/(-3))/(z/(-5)). Let o(t) = 5575*t**2 - 5566*t**2 + 4*t**3 - 5 + 3*t - 5*t**3 + 7*t. Give o(g).
-5
Let l(c) be the second derivative of c**3/6 - 11*c**2/2 - 3*c + 112. Give l(23).
12
Suppose 4*l - 16 = 0, -2*d + 8*l + 18 = 9*l. Let m(o) = o**2 - 3*o - d*o - 8*o**2 + 11*o + 1. Give m(-1).
-7
Let b(l) = -17*l**2 - 60*l + 65. Let o(h) = 3*h**2 + 10*h - 11. Let n(t) = -4*b(t) - 23*o(t). What is n(11)?
-18
Let g = -27 + 113. Suppose g = 3*j + 71. Let n(h) = -h**2 + 5*h - 5. Determine n(j).
-5
Let z(p) = 3*p**2 - 18*p - 32. Let m(d) = -2*d**2 + d + 18. Let y(k) = -2*m(k) - z(k). Determine y(-17).
13
Let x(c) = -c**3 - 13*c**2 - 21*c + 3. Suppose 0 = 130*t + 1210 + 220. Determine x(t).
-8
Suppose -3*w - 3*m - m + 30 = 0, -w + 2*m = 0. Suppose 15*x - 3 = 12*x. Let h(r) = -x + 0*r + 3*r - 1. Calculate h(w).
16
Let f(w) = -36*w**2 + 116*w - 20. Let j(v) = -23*v**2 + 75*v - 13. Let d(l) = -7*f(l) + 11*j(l). Let s = 4 - -2. Determine d(s).
39
Let n(y) = y**3 - 8*y**2 + 11*y + 1. Let d = 11433 + -11425. Calculate n(d).
89
Let m(j) be the third derivative of j**5/12 + 5*j**4/4 - 2*j**3/3 + 4*j**2 + 96*j. What is m(-6)?
-4
Let p(n) = 1 + 5*n + 7*n + 6*n. Let v = -217 + 219. Let u be (-1 + 3/v)/((-10)/20). Determine p(u).
-17
Let y(g) = g**2 - 5*g - 2. Let s(x) = -3*x**2 + 9*x + 2. Suppose 32*i - 28*i = -20. Let z(b) = i*y(b) - 2*s(b). Calculate z(-7).
6
Let i(x) = x. Let w = -7 - -47. Let z = 7 + 2. Suppose -3*h = z, 5*c + h + w = 7. Determine i(c).
-6
Let b(v) = -51*v**2 + 16*v + 16. Let s(n) = 14*n**2 - 4*n - 4. Let j(q) = 3*b(q) + 11*s(q). Let u(o) = o**2 - 5*o - 5. Let g be u(5). What is j(g)?
9
Let s(x) = -x**2 + 44*x + 300. Suppose -4*b + 78 = v, -3*v = 28*b - 25*b - 171. What is s(v)?
0
Let v(n) = -4*n**2 + 3*n - 7. Let a be (7 - 7)/((-1 + 3)/(-4 + 3)). Calculate v(a).
-7
Let d = 8163 - 8163. Let r(x) = -2*x**3 - 2*x**2 - 2*x + 5. What is r(d)?
5
Let s(f) = f**2 + 24*f + 7. Let i(y) = -4*y**2 - 110*y - 180. Let w be i(-26). What is s(w)?
7
Let q(r) = -2*r - 12. Let i(k) = -28*k - 129. Let b(n) = i(n) - 12*q(n). Calculate b(-10).
55
Suppose -g - u = 6, 2*g - 18 = -0*g + 4*u. Let q(p) = -p**2 - 2*p + 1. Let r(w) = 5*w**2 + 13*w - 19. Let s(d) = g*r(d) - 4*q(d). Determine s(-8).
-9
Suppose -4*o + 712 = w, 0 = -2*o - 0*w - 2*w + 362. Let l = o + -187. Let u(s) = s + 14. Determine u(l).
4
Let f be -3*(-1)/3*12. Suppose -2*q + 4*j + j = -15, -2*j - 22 = -4*q. Suppose 0 = -q*g + f + 3. Let a(s) = 2*s**2 - 4*s. What is a(g)?
6
Let p(b) be the third derivative of -5/24*b**4 + 139*b**2 + 0 + 0*b + 5/3*b**3. What is p(2)?
0
Let d(g) = -15*g - 16. Let p(c) = 7*c + 8. Let z(b) = 6*d(b) + 13*p(b). Suppose 3*u = 10*u + 77. Give z(u).
-3
Suppose -16 = 3*u - 7*u. Let r(x) = 4655*x**3 - x + 26*x**2 - 4653*x**3 - 34*x**2. What is r(u)?
-4
Let m(t) be the second derivative of 1/2*t**3 + 14*t + 0 - 1/2*t**2. Suppose 0 = 2*o + 12 - 2. Determine m(o).
-16
Let t = -4151 - -4156. Let o(h) = -h**2 - 4*h + 45. Calculate o(t).
0
Let g(u) = u**3 + 18*u**2 + 46*u + 19. Let q be g(-15). Suppose 0 = m + 2 - 6. Let x(f) = 1 - m*f - 3*f - 2 + 3*f. Determine x(q)